g(k) = k + 509. Let f be g(0). What is the units digit of f/7 + x*7/49?
3
Let z = 133297 + -69861. What is the tens digit of z?
3
Let s be (4 - 10)*(-7)/(-3). Let u be 3/(-2)*-4 - (4 + 3). What is the tens digit of -27*u/(-2)*(s + 0)?
8
Let x be (-36)/(-24) + (3/6 - 2). Suppose -15*p + 32 + 718 = x. What is the units digit of p?
0
Let q(d) be the third derivative of -7*d**4/8 + 2*d**3/3 - 577*d**2 - 2*d. Suppose 34 = -3*p + r, 0 = -p + 4*r - 3 - 12. What is the units digit of q(p)?
5
Let a = -46 + 45. What is the tens digit of a/1*(-2472)/8?
0
Let u be ((-196)/(-21) + -8)*3/2. Suppose c + u*c = 6. Suppose c*n - n + 4*z - 68 = 0, 2*z + 116 = 2*n. What is the units digit of n?
0
Let d = 24742 + -16449. What is the tens digit of d?
9
Suppose -3*v + 13 + 4 = -2*a, 2*a = 4*v - 20. What is the hundreds digit of (-15)/v + 290 + 11?
2
Suppose -18*q + 1732441 = 354811. What is the units digit of q?
5
Let f = 17919 + -2365. What is the thousands digit of f?
5
Suppose -2*v = -4*v + 4. Suppose -v = 4*g - 10. Suppose 8*p - 492 = g*p. What is the units digit of p?
2
What is the units digit of (-510010)/(-85) + (-20)/170?
0
Let h = -246 + 237. Let g(p) = 3*p**2 - 23*p - 2*p**2 - 15 - 3*p**2. What is the tens digit of g(h)?
3
Suppose 0 = 18*v - 5555 - 1573. Suppose -4*r - 1408 = -3*l, 2*l - 544 = 3*r + v. What is the tens digit of l?
6
Suppose -5*g = -19 - 61. Let q(x) = x**3 - 16*x**2 - x + 25. Let i be q(g). Suppose i*k = -2*k + 913. What is the tens digit of k?
8
Let o = -724 - -750. Suppose -47*l + o*l = -9660. What is the tens digit of l?
6
Suppose 7*x = 32 + 17. Suppose 21*w + x*w = 2968. What is the hundreds digit of w?
1
What is the hundreds digit of 20/(-15) - (-20050)/30?
6
Suppose 2*r - 9884 = 4*c, 4*r + 0*r - 19732 = -4*c. What is the hundreds digit of r?
9
Let k(l) = -850*l + 30. Let p be k(-12). What is the units digit of p/21 + (-3)/21?
7
Let u = -29 - -30. Let h(z) = z. Let c be h(0). What is the units digit of c - (-376)/(u - -3)?
4
Suppose 24 + 74 = 7*g. Suppose 6*n + g = 26. What is the tens digit of n*2/(-10) + (-2464)/(-10)?
4
Let d be (78/1 - 2)/2. Let y = d + -35. Suppose -5*u + 0*b + y*b = -204, 3*u - 132 = 5*b. What is the tens digit of u?
3
Let z = -778 + 748. What is the units digit of (-3 - z/10) + (1077 - 0)?
7
Let j(m) = m**2 + 10*m + 2. Let s be j(-10). Suppose s*w = -5*w - 238. Let k = w - -110. What is the units digit of k?
6
Suppose y + 3*d + 16 = 0, -y + 3*y + 23 = -3*d. Let s be (((-399)/6)/y + 1)*2. Suppose 166 = s*w - 20*w. What is the tens digit of w?
6
Let i(z) = 1. Let v(n) = -10*n - 8. Let s(b) = 12*i(b) + v(b). Let o be s(-4). Let k = o - 12. What is the tens digit of k?
3
Let h = 3004 - 3183. Suppose 0 = p + 2*p + 1179. Let v = h - p. What is the units digit of v?
4
Suppose -88*a + 317280 = -73*a. What is the hundreds digit of a?
1
Let c = -4 + 2. Let n = -1326 - -1022. What is the units digit of (n/2 - c)/(-2)?
5
Suppose 0 = 2*t + 3*g - 8*g - 789, 5*t + 4*g - 1923 = 0. Let r = -154 + t. What is the units digit of r?
3
Suppose 96*s - 735 = 91*s. Suppose -10*a + 577 = s. What is the units digit of a?
3
Let t(j) = -1193*j + 419. What is the hundreds digit of t(-6)?
5
Let m be (-8655)/(-20) + (-4)/(-16 + 0). Suppose 1067 = 3*n - u, -m = 4*n - 4*u - 1853. What is the tens digit of n?
5
Let q(h) = -9336*h - 102. What is the hundreds digit of q(-1)?
2
Let t(s) = -3*s + 32. Let c be t(9). What is the units digit of -2 - (-147 + -1 + c)?
1
Suppose 4*g - 4*l = -843 - 289, g + 267 = 5*l. Let h(k) = -27*k - 9. Let i be h(3). Let n = i - g. What is the tens digit of n?
9
Suppose 0 = 130*j - 131*j - 5*h + 6732, 5*h = 5*j - 33510. What is the units digit of j?
7
Suppose 270*f + 171413 = -126*f + 6990533. What is the units digit of f?
0
Let m(w) = 2*w**2 - 7*w - 54. Let g be m(7). What is the tens digit of (-2)/(-4) - ((-870)/(-12))/g?
1
Suppose 18 = 3*f - l, -5*f - 4*l + 74 = 27. Suppose f*p = -8*p + 7410. What is the hundreds digit of p?
4
What is the tens digit of (0 + 392 + 2)*(-258)/(-12) + -6?
6
Let z = 160444 + -87925. What is the hundreds digit of z?
5
Let h be (1 - -15)/(9/3 + -4). Let u = h + 185. What is the tens digit of u?
6
Suppose -15 - 33 = -4*b + 4*y, -3*y + 4 = 2*b. Suppose -4 = -6*w + b. What is the units digit of (-22)/(-4 + w + 1)?
2
Let a(x) = 147*x**2 - 2*x + 13. Let h be a(3). Suppose 2*w = -4*d - d + h, -2*d + 508 = -4*w. What is the tens digit of d?
6
Let a = 90172 - 52104. What is the ten thousands digit of a?
3
Suppose 0 = -4*v + 5*p + 22050, 2*v - 11012 = 6*p - 10*p. What is the tens digit of v?
1
Let w = 20848 - 10526. What is the thousands digit of w?
0
Let w = -22164 - -33576. What is the hundreds digit of w?
4
Let a(t) = t**3 - t**2 + t. Suppose 4*r = -11 + 7. Let v(w) = 3*w**3 - 10*w**2 + 8*w + 3. Let u(s) = r*v(s) + 4*a(s). What is the tens digit of u(-6)?
2
Suppose -3750 = -18*q + 174. Let n = 1100 - q. What is the hundreds digit of n?
8
Let l(x) = x + 1. Let d(y) = 3*y + 9. Let s(r) = 2*d(r) - 10*l(r). Let b be s(-8). Suppose 0 = -p + 178 - b. What is the tens digit of p?
3
Suppose 7*f - 25 = 2*f, 0 = 5*o - f - 20. Let w(x) = 9*x**2 - 2*x + 58. What is the tens digit of w(o)?
7
Suppose 0 = 6*w - 41 + 5. Suppose 1377 + 909 = w*o. What is the units digit of o?
1
What is the units digit of (-4208370)/302*(-6)/1?
0
Let k be (1806/4)/(51/102). Suppose 7*a - k = 14. What is the units digit of a?
1
Suppose -4*l + 1393 = 5*y - 7042, -3*l + 6325 = 5*y. What is the units digit of l?
0
Suppose 3*u = 347 - 248. What is the units digit of (u - 1) + -1 + 1 + 0?
2
Let q = -30 + 54. Let k(c) = 2*c**2 + 13*c + 5. Let o be k(-5). What is the units digit of 5/(-30)*o*q?
0
Let s(d) = 5130*d**2 + 6*d. What is the tens digit of s(3)?
8
Let n = -27 + 38. Let h be n + -13 - (-8)/1. Suppose h*a = -a + 462. What is the tens digit of a?
6
Let w(x) = -x**3 + 24*x**2 - 11*x - 45. Let j(c) = -4*c + 57. Let s be j(13). Suppose s*f - 368 = -11*f. What is the tens digit of w(f)?
3
Let x = -834 - -4. Let d = -591 - x. What is the units digit of d?
9
Let j be ((-78)/8)/((-45)/60). Suppose -7288 = j*u - 21*u. What is the units digit of u?
1
Let l(x) = 9*x**2 + 2*x + 3. Let o be l(3). Let n be 260/o + (-2)/(-18). Let g = 52 + n. What is the tens digit of g?
5
Let j = 2866 - -2343. What is the hundreds digit of j?
2
What is the tens digit of 5*(3468 - 4) + -10*2/4?
1
Suppose -30 = 6*s + 6. What is the tens digit of s/27 + 81968/144?
6
Let y = 51326 + -19519. What is the ten thousands digit of y?
3
Let b be 80/6*-3 + 0. Let s = 46 - b. Let j = -61 + s. What is the tens digit of j?
2
Let l = 246 + -254. Let j = l - -354. What is the tens digit of j?
4
Let h be (684/(-399))/((-6)/56). Suppose 19*d - 60 = h*d. What is the units digit of d?
0
Let d(m) = -5024*m. Let u be d(-1). Suppose -13*p + 21*p = u. What is the hundreds digit of p?
6
What is the hundreds digit of 12 + 2598*42/18?
0
Let c(x) = -16465*x + 226. What is the ten thousands digit of c(-1)?
1
Suppose -6*u = -j - 312875, 5*u - 156434 = 2*u + j. What is the hundreds digit of u?
1
Let g(m) be the second derivative of 2*m**4 + 7*m**3/6 + 81*m**2/2 - m - 67. What is the thousands digit of g(-7)?
1
Let v = -7 - -1. What is the hundreds digit of (-10)/(-15) - 3500/v?
5
Let a = 3224 + 15103. What is the units digit of a?
7
Suppose 60*q = 19*q + 158793. What is the hundreds digit of (-15 + 16)/(3/q)?
2
Let y = -40 - -44. Suppose -y*g = c - 567, -279 = -10*g + 8*g + c. What is the units digit of g?
1
Let d(r) = 6*r**2 - 12*r + 27. Let b be d(9). Let c = -268 + b. Let m = c - 76. What is the units digit of m?
1
Suppose -43*r + 50578 = -41*r - 4*z, 0 = -5*r + 4*z + 126421. What is the thousands digit of r?
5
Let w(j) = 267*j**2 + 24*j + 80. What is the thousands digit of w(-4)?
4
Suppose u - 5*a = 1550, -12*a = 3*u - 8*a - 4555. What is the tens digit of u?
2
Let b = -10166 + 37294. What is the units digit of b?
8
Let o(u) be the first derivative of 2*u**3/3 - u**2 + 2*u - 12. Let s be o(1). Suppose 5*y - 5*a = 306 - 106, -179 = -5*y - s*a. What is the tens digit of y?
3
Let h be (-1 + -1)/(30/(-14805)). Let m = -483 + h. Suppose 0 = -5*b - b + m. What is the units digit of b?
4
Let z(b) = -363*b - 11. Let o be z(-20). Suppose 13*j - 25371 = -o. What is the thousands digit of j?
1